(l) = 5*l**3 + 48*l**2 - 17*l + 44. Determine f(-10).
14
Let y(f) = 3*f**3 - 24*f**2 + 4*f + 47. Determine y(7).
-72
Let m(j) = 750*j + 91503. Calculate m(-122).
3
Let y(t) = t**2 + 604*t + 38316. What is y(-72)?
12
Let k(q) = -q**3 - 11*q**2 + 9*q - 11. Give k(0).
-11
Let v(h) = 47*h + 5743. Give v(-122).
9
Let o(v) = -v**3 - 7*v**2 + 100*v + 213. Determine o(-13).
-73
Let l(q) = -19*q + 200. What is l(12)?
-28
Let c(a) = 15*a**2 + 1747*a + 814. Determine c(-116).
2
Let u(d) = 25*d + 73. Calculate u(5).
198
Let z(l) = -l**2 + 34*l - 281. Determine z(20).
-1
Let p(h) = -h + 292. What is p(31)?
261
Let y(u) = 13*u + 93. Calculate y(-10).
-37
Let m(f) = -130*f + 128. What is m(2)?
-132
Let y(q) = 18*q + 1162. Determine y(-65).
-8
Let m(q) = -q**2 - 185*q - 8399. Calculate m(-80).
1
Let s(n) = 2*n**3 + 56*n**2 - 35*n - 959. Give s(-28).
21
Let m(o) = 6*o**3 + 33*o**2 + 15*o - 1. Calculate m(-5).
-1
Let q(w) = 5*w**3 - 21*w**2 - 57*w + 3. What is q(6)?
-15
Let k(d) = 167*d - 8006. What is k(48)?
10
Let x(o) = o**3 - 5*o**2 - 7*o - 9. Determine x(6).
-15
Let y(d) = -4086*d - 28672. Calculate y(-7).
-70
Let b(h) = -h**2 - 89*h + 491. What is b(-94)?
21
Let u(r) = -r**3 + 20*r**2 + 75*r + 14. What is u(-3)?
-4
Let x(i) = 14*i + 1130. Determine x(-69).
164
Let q(x) = 67*x**2 - 1083*x + 56. Calculate q(16).
-120
Let j(u) = -7*u + 102. What is j(28)?
-94
Let l(m) = -68*m + 362. Give l(5).
22
Let w(y) = -46*y**2 + 179*y + 25. Give w(4).
5
Let f(p) = p**3 + 5*p**2 + 434*p + 3617. What is f(-8)?
-47
Let k(r) = -r**3 + 35*r**2 - 250*r + 2992. Calculate k(30).
-8
Let i(p) = -48*p**2 - 1058*p - 30. Calculate i(-22).
14
Let x(h) = 3*h + 88. Give x(-23).
19
Let k(n) = -139*n**2 - 4*n - 4. What is k(-1)?
-139
Let l(r) = 12*r**2 - 71*r - 17. What is l(6)?
-11
Let q(l) = -160*l - 3841. What is q(-24)?
-1
Let c(a) = -a**2 + 85*a + 8469. What is c(-59)?
-27
Let a(j) = 2*j**3 + 72*j**2 - 17*j - 691. Calculate a(-36).
-79
Let f(v) = v**2 - 21*v + 29. Give f(6).
-61
Let t(u) = -u**2 - 45*u - 395. Calculate t(-12).
1
Let d(k) = -k**2 + 32*k - 29. Calculate d(12).
211
Let o(l) = -297*l + 571. What is o(2)?
-23
Let w(c) = -c**3 + 21*c**2 + 74*c - 6. Calculate w(24).
42
Let h(g) = -31*g + 472. Give h(14).
38
Let u(f) = 35*f + 70. Give u(-17).
-525
Let l(j) = -16*j - 129. Determine l(-10).
31
Let i(l) = -l**3 + 8*l**2 - 17*l + 76. What is i(7)?
6
Let m(p) = p**2 + 3*p - 86. What is m(9)?
22
Let r(d) = -42*d**2 + 36*d + 36. Calculate r(-1).
-42
Let r(c) = 76*c - 1311. What is r(18)?
57
Let v(p) = -5*p - 46. Determine v(-6).
-16
Let a(t) = 48*t - 552. Determine a(10).
-72
Let c(n) = -3*n**2 + 197*n - 1181. What is c(59)?
-1
Let g(j) = 6*j**2 - 164*j - 151. Give g(29).
139
Let u(z) = -2*z**2 - 20*z + 61. What is u(-13)?
-17
Let p(w) = 3*w**2 - 29*w - 80. What is p(14)?
102
Let u(h) = -75*h + 10209. Calculate u(136).
9
Let p(n) = -6*n + 271. Determine p(8).
223
Let m(y) = -18*y**2 - 81*y + 15. Give m(-6).
-147
Let u(x) = -11*x**3 - 342*x**2 - 32*x - 27. What is u(-31)?
4
Let x(k) = -k**3 - 19*k**2 - 87*k + 37. Calculate x(-12).
73
Let l(s) = -119*s**2 - 24*s - 8. Determine l(-1).
-103
Let h(r) = -30*r**2 - 329*r + 330. Give h(1).
-29
Let s(g) = g**3 + 7*g**2 - 8*g - 59. What is s(-6)?
25
Let v(x) = 497*x - 504. What is v(1)?
-7
Let r(n) = 1229*n + 15970. Give r(-13).
-7
Let q(w) = 3*w**2 - 228*w - 1400. What is q(-6)?
76
Let i(u) = 5*u**2 + 874*u - 3569. Give i(4).
7
Let w(f) = -8*f**3 - 16*f**2 + 2. Calculate w(-2).
2
Let i(c) = -130*c + 342. Give i(4).
-178
Let t(l) = 6*l**2 - 180*l + 11. Calculate t(30).
11
Let i(d) = 5*d**2 - 5*d - 26. Calculate i(3).
4
Let c(g) = -27*g**3 + 131*g**2 + 12*g - 57. Give c(5).
-97
Let n(f) = -f**3 - 20*f**2 - 12*f + 50. Calculate n(-19).
-83
Let d(z) = -z**3 + 7*z**2 + 50*z + 29. Calculate d(-4).
5
Let q(r) = 2*r**2 - 271*r + 2389. Give q(126).
-5
Let m(z) = 2*z**2 + 71*z + 494. Determine m(-26).
0
Let a(q) = -q**2 + 48*q - 273. Determine a(7).
14
Let y(p) = p**2 + 87*p + 1796. Calculate y(-54).
14
Let f(g) = -g**3 + 28*g**2 + 11*g - 875. Determine f(28).
-567
Let g(j) = 19*j - 207. Give g(12).
21
Let n(g) = -37*g**2 - 853*g - 51. What is n(-23)?
-5
Let n(m) = 5*m**2 - 86*m + 329. Calculate n(4).
65
Let t(u) = -188*u - 746. Determine t(-4).
6
Let l(r) = 2*r**3 + 12*r**2 + 27*r + 286. Give l(-7).
-1
Let p(q) = 10*q**2 + 84*q + 11. Determine p(-8).
-21
Let z(o) = o**3 - 13*o**2 - 175*o + 157. Calculate z(21).
10
Let d(c) = -c**2 + 769*c - 5343. Calculate d(7).
-9
Let z(i) = -i**2 + 10*i - 2. Calculate z(9).
7
Let p(u) = 3*u**2 - 13*u + 31. Determine p(4).
27
Let x(p) = p**2 - 18*p + 134. Calculate x(15).
89
Let l(z) = -z**3 + 34*z**2 - 29*z - 143. Give l(33).
-11
Let n(q) = -13*q**2 + 66*q + 7. What is n(5)?
12
Let o(i) = -i**3 + 9*i**2 - 6*i + 2. Give o(0).
2
Let p(f) = 24*f + 91. Calculate p(-13).
-221
Let j(a) = -a**2 + 9*a + 155. Calculate j(18).
-7
Let w(f) = 62*f + 196. What is w(3)?
382
Let o(s) = 3228*s + 32319. Calculate o(-10).
39
Let b(q) = -q**2 + 610*q - 92746. Calculate b(288).
-10
Let j(d) = 394*d + 3165. Determine j(-8).
13
Let b(k) = 4*k**2 + 18*k - 219. What is b(-10)?
1
Let q(h) = -1689*h - 11823. What is q(-7)?
0
Let p(m) = -m**3 - 28*m**2 - 35*m - 122. What is p(-27)?
94
Let y(v) = -65*v**3 + 2*v**2 + v - 2. Give y(-1).
64
Let t(d) = -37*d + 345. Give t(11).
-62
Let d(v) = 121*v + 14049. What is d(-116)?
13
Let h(g) = -44*g - 86. Give h(-5).
134
Let n(q) = 6*q**2 + 162*q + 547. Give n(-23).
-5
Let h(j) = 21*j**3 + 6*j**2 - 7*j. Determine h(1).
20
Let d(x) = 6*x - 105. What is d(30)?
75
Let u(s) = 409*s - 6967. Calculate u(17).
-14
Let v(g) = -36*g - 406. What is v(-5)?
-226
Let s(l) = 143*l - 709. What is s(5)?
6
Let i(x) = -372*x - 1875. Calculate i(-5).
-15
Let l(p) = -21*p**3 + 11*p**2 - 2*p - 9. Determine l(1).
-21
Let g(z) = -30*z**2 - 12*z. Give g(-1).
-18
Let g(y) = 12*y**2 + 429*y + 322. Determine g(-35).
7
Let c(t) = -t**2 + 7*t + 7. Calculate c(-4).
-37
Let f(s) = 3*s**3 - 40*s**2 + 18*s - 55. Give f(13).
10
Let z(y) = -108*y**3 + 16*y - 15. What is z(1)?
-107
Let o(i) = -2*i**3 - 22*i**2 - 17*i + 27. Give o(-11).
214
Let n(t) = -2*t**3 + 8*t**2 + 32*t - 16. Give n(6).
32
Let y(z) = -z**3 - 80*z**2 + 160*z - 377. Determine y(-82).
-49
Let n(b) = b**3 + 3*b**2 - 38*b - 104. Give n(-7).
-34
Let l(z) = 5*z**2 + 17*z - 9. Give l(-3).
-15
Let n(p) = -p**3 + 45*p**2 + 142*p + 153. Give n(48).
57
Let t(v) = -v**2 + 52*v + 94. What is t(53)?
41
Let t(w) = -28*w + 149. Determine t(9).
-103
Let f(c) = 6*c**2 + 259*c + 2. What is f(-44)?
222
Let f(i) = -2*i**3 - 20*i**2 + 31*i + 16. Calculate f(-9).
-425
Let t(p) = 2*p**3 - 181*p**2 + 82*p + 363. Give t(90).
-357
Let d(f) = -11*f**3 + 60*f**2 - 34*f + 31. Calculate d(5).
-14
Let c(j) = -2*j**3 + 64*j**2 + 9*j - 82. Determine c(32).
206
Let w(i) = 80*i + 2480. What is w(-31)?
0
Let v(b) = -b**3 - 9*b**2 - 4*b + 3. Give v(-8).
-29
Let i(t) = -2958*t + 26605. Determine i(9).
-17
Let s(i) = -1964*i - 64800. Calculate s(-33).
12
Let a(z) = z**3 + 11*z**2 + 19*z - 15. Determine a(-4).
21
Let v(w) = -w**3 - 8*w**2 + 18*w + 54. What is v(-9)?
-27
Let d(v) = 9*v**2 - 9*v + 12. What is d(1)?
12
Let s(h) = -h**3 - 7*h**2 - 20*h - 141. Give s(-10).
359
Let c(h) = -3*h**2 - 79*h + 476. Calculate c(6).
-106
Let j(c) = -c**3 - 5*c**2 + 9*c - 65. Calculate j(-8).
55
Let a(p) = -1761*p - 3516. Calculate a(-2).
6
Let s(h) = h**2 + 103*h - 3643. What is s(28)?
25
Let k(f) = -f**2 + 16*f + 56. Give k(-6).
-76
Let y(r) = -r**2 + 16*r - 36. Determine y(19).
-93
Let b(l) = 35*l - 1793. Calculate b(51).
-8
Let n(v) = 166*v + 99. Calculate n(-2).
-233
Let q(z) = 2*z**2 + 11*z - 221. Determine q(13).
260
Let n(s) = s**3 - 3*s**2 + 95*s - 683. Calculate n(6).
-5
Let d(g) = 41*g + 225. What is d(5)?
430
Let r(s) = s**3 - 8*s**2 + 71*s - 279. Give r(5).
1
Let c(m) = m**3 + 37*m**2 - 80*m + 1610. Calculate c(-40).
10
Let r(z) = 166*z + 34520. Calculate r(-208).
-8
Let c(u) = -13*u + 1153. Determine c(88).
9
Let x(d) = -d**3 + 22*d**2 - 7*d - 29. Determine x(0).
-29
Let t(v) = -v**3 + 7*v**2 + 19*v - 9. Determine t(9).
0
Let m(r) = 2*r**2 + 10*r + 14. Give m(-2).
2
Let n(l) = -172*l - 2748. Determine n(-16).
4
Let w(i) = -368*i + 368. What is w(1)?
0
Let g(p) = -2*p**2 + 210*p + 1324. What is g(-6)?
-